 49 = -5*h + 10, -5*h - 4*o = -91. Let y be l(h). Calculate the greatest common factor of y and 96.
24
Let q be ((-1)/(-4))/(30/120). Suppose -4*i + 3*y = -52, -2*y + 6*y + 66 = 5*i. Suppose 2*d - 4 - i = 0. Calculate the highest common divisor of q and d.
1
Suppose 10 = 8*x - 3*x. Suppose -50808 = 6*p + x*p. Let n be 0 + (-6)/15 + p/(-15). Calculate the greatest common factor of n and 47.
47
Suppose -18*w = -25*w + 56. Suppose 0 = 5*r - 2*k - 16, 4*r = 4*k - 0 + w. What is the highest common divisor of r and 6?
2
Let l be (7 - 11) + 5 + 3. Suppose 7*u - 6*u + 22 = d, u + 85 = l*d. What is the greatest common factor of d and 133?
7
Suppose 0 = 5*j + 7 + 18. Let q be 24/(-12) + (0 - j). Suppose 0 = -b + q, 590 = 5*i + 3*b + 2*b. What is the highest common divisor of 23 and i?
23
Let l(f) = f**2 - 20*f + 24. Let k be 1 - 2/((-10)/35). Suppose 0 = k*d + 4*d - 228. Let o be l(d). What is the highest common divisor of 20 and o?
5
Let y(j) = 13*j - 14. Suppose 4*s = 31 - 11. Let p be y(s). Suppose 4*r = -116 + 128. What is the highest common divisor of p and r?
3
Suppose -106*g + 105*g + 140 = -4*q, q = -g + 180. Calculate the greatest common divisor of g and 356.
4
Let m = 128 - -12. Let z = 56 + m. What is the greatest common divisor of 7 and z?
7
Let p = -480 - -833. Let n = 368 - p. Calculate the greatest common divisor of n and 45.
15
Let p be 15/6*-158 + 6 + -2. Let f = 413 + p. Calculate the highest common factor of f and 704.
22
Suppose -2*i = 2*y - 166, -581 = -7*y - 0*y + 3*i. What is the greatest common divisor of 3 and y?
1
Suppose 28 - 39 = -20*v + 89. What is the greatest common factor of 6535 and v?
5
Suppose 20*a - 19151 + 3551 = 0. Calculate the highest common divisor of a and 540.
60
Let b(o) be the first derivative of -19*o**2/2 + 3*o + 13. Let q be b(-1). Let y = 219 + -153. Calculate the greatest common factor of y and q.
22
Let w(z) = -z**2. Let o(r) = -r**2 - 45*r - 14. Let f(n) = o(n) + 2*w(n). Let x be f(-10). What is the greatest common factor of 153 and x?
17
Let a be -7 + (2 - 0)*(-9)/(-6). Let n(s) = -s**3 - 2*s**2 - 5*s - 16. Let l be n(a). What is the greatest common divisor of 192 and l?
12
Let t(j) = j**2 + 33*j - 107. Let n be t(-36). Let a be (-1 - n)*45/(-10). Calculate the greatest common factor of a and 324.
9
Let c be (100/(-30))/(1/3). Let p = -5 - c. Suppose 5*o + p*o - 400 = 0. What is the greatest common factor of o and 10?
10
Let z(m) = 7*m + 11. Let l(u) = 2*u**3 - 16*u**2 - u + 11. Let n be l(8). Let g be z(n). Calculate the highest common divisor of g and 160.
32
Let l be (-22 - 1)*((-6)/45 + (-59868)/540). What is the greatest common factor of l and 222?
111
Let u be -3*(-2 + 1)*(-3)/(-3). Suppose u*n - 68 = -2*m, -n + 116 = 5*m - 41. Let s = -58 + 213. Calculate the highest common divisor of s and m.
31
Let f(n) = 2*n**2 - 16*n. Let p(a) = -2*a**2 + 17*a. Let l(r) = 4*f(r) + 5*p(r). Let w be l(9). Calculate the greatest common factor of 45 and w.
9
Let n(a) be the third derivative of 23*a**4/24 - 2*a**3/3 + 54*a**2. Let v be n(1). Calculate the greatest common factor of 38 and v.
19
Let b = -6342 - -7008. What is the greatest common factor of 1221 and b?
111
Let h be 1 - 5*24629/(-55). Calculate the highest common divisor of h and 70.
70
Let v = 153 + 1654. Let w be v/52 - 2/(-8). Calculate the highest common divisor of 1 and w.
1
Suppose -5*k + 20 + 40 = 0. Let h = k - 74. Let n be (-26)/(h/(-22) - 3). Calculate the highest common divisor of n and 13.
13
Let h be (34/51)/((-2)/(-1197)). Calculate the highest common factor of 3325 and h.
133
Suppose 31*h = 41*h - 230. Let g be (-5 - (-304 - -2)) + 2. Calculate the greatest common divisor of g and h.
23
Let u(w) = w**2 - 8*w - 13. Let d be u(11). Let r = 116 - 87. Suppose 40*f - r*f = 44. Calculate the highest common factor of f and d.
4
Let o(i) = -3*i**2 - 129*i - 58. Let j be o(-42). What is the greatest common divisor of j and 5984?
68
Let f be 5*(248/217 + (-7278)/(-14)). Calculate the greatest common factor of 5 and f.
5
Suppose -180 = -l - 5*z, z = l - 73 - 107. What is the greatest common factor of l and 8010?
90
Let m be ((-1824)/72)/(2/(-3)). Calculate the greatest common divisor of m and 13.
1
Let u = -632 + 1023. Let b = 383 + -360. What is the greatest common divisor of u and b?
23
Suppose 8131 = 50*l - 69. Calculate the greatest common factor of l and 5125.
41
Suppose 0 = 3425*h - 3408*h - 137241. What is the greatest common factor of 27 and h?
27
Let w be ((-59 - -63) + -1 + -5 + 7777)*1. What is the highest common factor of 311 and w?
311
Let j = -489 + 788. Let p(y) = -2*y**2 - 302*y + 29830. Let k be p(68). What is the greatest common divisor of j and k?
23
Let m = -100 + 152. Let t = -64 - -172. Suppose -14*d = -t - 74. Calculate the greatest common divisor of d and m.
13
Suppose 34*k = -19*k + 592 + 10432. What is the greatest common divisor of k and 14456?
104
Suppose 7981 = 14*c + 561. Calculate the highest common factor of 50 and c.
10
Suppose 0 = 3*i - 4*c - 79576, -3*i + 32*c + 79583 = 27*c. Calculate the highest common divisor of i and 56.
28
Let p = 691 - 685. Let n(k) = k**3 + 5*k**2 - 18*k + 52. Let m be n(p). What is the highest common factor of 60 and m?
20
Suppose 0 = -0*s - s, 3*b + s - 2*s - 10305 = 0. What is the greatest common factor of b and 30?
15
Let d(f) = 37*f - 360. Let i be d(10). Calculate the highest common divisor of i and 11710.
10
Let l(d) = 4*d**2 + 18*d - 183. Let q be l(-36). Suppose -4*b - g = -q, 14*b = 15*b + 3*g - 1091. What is the greatest common factor of 68 and b?
68
Suppose 0 = 3*r - 15, 2*u - 2*r + 80 = 7*u. Suppose 8*t = 676 + 3468. Calculate the highest common factor of t and u.
14
Suppose -39*z = -40*z + 3*t + 2478, 5*t + 35 = 0. What is the highest common divisor of z and 18?
9
Let y be 12/16*6 + (-3)/2. Let o(c) = 18*c**2 + 5*c - 23 - 6*c**3 + 7*c**3 - 2*c**y - 3*c. Let a be o(18). What is the highest common factor of a and 247?
13
Suppose 28*u - 205205 = -14*u + u. Calculate the greatest common factor of 182 and u.
91
Let u = 14 + 6. Suppose 0 = u*o - 15*o - 485. Suppose -3*t + 5 = -o. Calculate the greatest common divisor of t and 85.
17
Let s be (-18)/(-7)*(-56133)/(-2187). Suppose 4*w - 4 = -4*i - 8, -6 = 2*i. Suppose 112 - 24 = w*t. What is the highest common factor of s and t?
22
Let k be 5152/(-192) + 27 + -14*(-2031)/36. Calculate the highest common divisor of 50 and k.
10
Let s = -49 + 69. Suppose 3*d + 152 = 14. Let k be 2 + 3/((-139)/d - 3). Calculate the highest common divisor of k and s.
20
Let d(c) = -2*c**3 + 33*c + 28 - 3*c**3 - 15 + 18*c**2 + 6*c**3. Let a be d(-10). What is the greatest common factor of a and 69?
69
Let n be (68/7)/(94/41783) - (1 - 7). Calculate the highest common factor of 276 and n.
92
Let x be -156*(1/2)/(-1). Let s = 45 + -43. Suppose 5*y - 280 = -2*r - 3*r, -s*r = -2*y + 96. What is the greatest common factor of x and y?
26
Suppose -11*h - 817 = -1155 - 5899. Calculate the greatest common divisor of 243 and h.
81
Let j(k) = -k**3 - 18*k**2 + 62*k - 484. Let d be j(-22). What is the highest common divisor of 638 and d?
22
Let c(a) = a**2 + 509*a + 64465. Let o be c(-274). Let y(l) = l**2 - 5*l + 9. Let t be y(6). What is the highest common divisor of o and t?
15
Let v(p) = -p**3 + 27*p**2 + 27*p + 33. Let o be v(28). Suppose -f + 720 = o*d, -d - 4*f + 16 = -109. What is the highest common divisor of d and 5?
5
Let s = -4794 - -4799. Calculate the greatest common divisor of 115 and s.
5
Let f(g) = 12*g - 1. Let a be f(2). Suppose 69 = 3*p - 6. Let z be 5 + 5/(p/895). Calculate the greatest common divisor of z and a.
23
Let a(z) be the first derivative of 3*z**4/4 + 16*z**3/3 + 5*z**2/2 + 3*z + 296. Let y be a(-5). What is the highest common factor of 4 and y?
1
Let y(h) = 2*h**3 + 55*h**2 + 15*h - 18. Let b be y(-21). Calculate the greatest common factor of 25 and b.
25
Let r = 1559 - 447. Suppose 4*n - 228 = r. Calculate the highest common divisor of n and 134.
67
Suppose 5*w + 314 - 1274 = 0. Let u = -83343 + 83487. Calculate the greatest common factor of u and w.
48
Let j be -16*(-1*3 + 0). Suppose 0 = -42*l - 126 + 546. Let t = 42 - l. Calculate the highest common divisor of j and t.
16
Let n(t) be the second derivative of -8*t**3/3 + 215*t